**2 - o**2 + 0*o - 8*o + o**s + 7 + o**3. Calculate p(6).
-5
Let d(j) = -j**2 + j - 2. Let f(w) = 1 + 1 + 7*w - 3. Let y be f(1). Suppose -5*g = -y*g. Calculate d(g).
-2
Let d(x) = x + 5. Let y(v) = -v**3 + 12*v**2 - 2*v + 28. Let i be y(12). What is d(i)?
9
Suppose 13 = 4*p + 1. Let o(d) = -2*d**3 - 4*d**2 + 5*d. Let j(f) = f**3 - 1. Let c(b) = 3*j(b) + o(b). Calculate c(p).
3
Let j(a) be the third derivative of -a**5/24 + a**4/24 + a**3/2 + a**2. Let f(d) be the first derivative of j(d). What is f(1)?
-4
Let l(q) = q**3 + 7*q**2 - 9*q - 8. Let w be l(-8). Let v(g) = -1 + 1 + w*g + g. Determine v(2).
2
Let j(v) be the third derivative of -v**4/8 - 5*v**3/6 - 4*v**2. Let c(k) = -3*k - 6. Let b(o) = 6*c(o) - 7*j(o). Suppose 0*f + 2 = f. Determine b(f).
5
Suppose -10 = 2*j - 2*g, -j + g = -4*g + 9. Let x(i) be the first derivative of i**3/3 + 2*i**2 + 2*i + 2. What is x(j)?
2
Let k(m) = -m**3 - 2*m**2 + 2*m + 3. Let x be -2*(2/(-1) + 0). Suppose -2*s + x = -2*u, -4*u + 0 - 17 = -s. Give k(s).
6
Let h(b) = 6 - 2*b + 4*b**3 + b + 8*b**2 + 4*b. Let o(n) = 9*n + 18 + 0 + 3*n**3 + 8*n**3 + 23*n**2 - 1. Let a(x) = 8*h(x) - 3*o(x). What is a(-4)?
-7
Let j(i) = -8*i - 3. Let x(f) = 65*f + 25. Let v(h) = 25*j(h) + 3*x(h). Determine v(1).
-5
Suppose 7*s = 12*s - 35. Let a(t) = 9*t**2 - 19*t + 9. Let o(i) = 5*i**2 - 10*i + 5. Let g(f) = s*o(f) - 4*a(f). Give g(6).
-1
Let r(v) = -v**3 - 4*v**2 + v + 5. Let o = 0 + -6. Let n(q) be the second derivative of q**3/6 + q**2 + 2*q. Let d be n(o). Give r(d).
1
Suppose 3*f + f - 12 = 0. Let u(j) = -9*j**f + 4*j**3 + 4*j**3 + 1 + 5*j - 3*j. Give u(2).
-3
Let z(x) = 1 + 4*x**3 - 3*x**2 + 9*x**2 + 4 - 3. Let h(i) = -9*i**3 - 12*i**2 - 3. Let y(l) = -3*h(l) - 7*z(l). What is y(-6)?
-5
Let p = -4 - 1. Let a = 7 + -4. Let d(m) = -5*m + m**2 - 1 - a - 3 - 2*m**2. What is d(p)?
-7
Let w(k) = k**2 - 2*k. Let s be w(3). Let y be 2/6*s - -2. Let l(t) = y + 1 - 3 + 7*t. Determine l(-1).
-6
Let k(n) = -n**3 + 5*n**2 + 1. Suppose 32*c - 29*c - 6 = 0. Suppose c + 13 = 3*j. What is k(j)?
1
Let l(m) = m**2 + 0*m**2 - m + 4 + m**2 - m**2. Give l(5).
24
Let x(a) be the third derivative of -4*a**2 + 0*a + 1/2*a**3 + 0*a**5 + 0 - 1/120*a**6 + 1/6*a**4. Let r be (-1)/(-2) + 5/(-2). Give x(r).
3
Let s(w) = 3*w**3 + 5*w**2 + 5*w - 9. Let p(f) = -5*f**3 - 8*f**2 - 8*f + 14. Let q(t) = 5*p(t) + 8*s(t). Suppose 0 = -r + b + 3, 2*r - 4*r = -b - 1. Give q(r).
6
Let g = 2 + 0. Suppose 3*o - 2 = -t, 0*t - g*t + 14 = -4*o. Let u(h) = -6*h + 1. Let i(f) = 25*f - 5. Let j(m) = 2*i(m) + 9*u(m). What is j(o)?
3
Let w(i) = -5*i - 10. Let h be w(-3). Let x(q) = -q**2 + 3*q - 1. Give x(h).
-11
Let a = 50 - 47. Let w(b) be the second derivative of 0 + 0*b**3 - a*b + 1/12*b**4 + 1/2*b**2. Determine w(-2).
5
Let l(h) = -1727*h**2 - 5*h**3 - 2 + 1 - h + 1726*h**2. Give l(-1).
4
Let t(j) be the second derivative of -j**3/6 + 7*j**2/2 - 16*j + 1. Suppose 5 = -q + 2*q. Give t(q).
2
Let f(b) = -4*b + 55. Let u be f(14). Let v(r) = 2*r**3 - 6*r. Let x(d) = 3*d**3 - 5*d. Let k(j) = -4*v(j) + 5*x(j). Calculate k(u).
-6
Let g(h) = h - 27. Let o be g(0). Let n = -12 - o. Suppose 5*u - n - 10 = 0. Let i(k) = -k**3 + 4*k**2 + 5*k + 5. Give i(u).
5
Let s(y) = 3*y**2 + 1. Let r = 65 - 64. Determine s(r).
4
Let w(y) be the first derivative of y**4/4 + 3*y**3 + y**2/2 + 13*y - 11. Determine w(-9).
4
Suppose s - 5*a = -22, 2*s - 3*s + 3*a - 14 = 0. Let c(q) = -q**3 - 2*q**2 + 1. Calculate c(s).
1
Let o(b) = -25*b**2 + 2*b + 3*b + 24*b**2. Give o(6).
-6
Let t = -3 - -4. Let a(g) = 5*g - 1. Give a(t).
4
Let x(t) be the second derivative of t**6/360 + t**5/24 - t**4/8 + t**3/3 - 2*t. Let p(d) be the second derivative of x(d). Calculate p(-5).
-3
Suppose 0 = 10*k + 10*k - 200. Let s(f) = f**3 - 11*f**2 + 11*f - 6. Give s(k).
4
Let z(o) = -o - 2. Let y(f) = -f**3 + 7*f**2 + 7*f + 8. Let w be y(8). Let m be z(w). Let h be m/(3 + (-21)/6). Let s(u) = u**2 - 6*u + 6. What is s(h)?
-2
Let h(z) = 2*z**2 + z. Suppose k - 4 = -3*k. What is h(k)?
3
Let u(y) be the third derivative of -1/6*y**3 + 0*y + 0 + 7/24*y**4 - 4*y**2. Let h = 3 - 2. Calculate u(h).
6
Let g = 6 - 3. Let f(b) = -4*b + 3. Calculate f(g).
-9
Let n(c) = -c**3 - 5*c**2 - 4*c - 6. Let z be (-32)/(-14) - 8/28. Suppose -4 = z*h - h. Give n(h).
-6
Let k(y) be the first derivative of -y**3/3 + 3*y**2/2 - 3*y + 1. Let u = 11 - 7. Calculate k(u).
-7
Suppose -16 = -5*w + 2*q + 4, 0 = w - 2*q - 12. Let m(n) = -n + w*n + 6 - 7. Give m(3).
2
Let p(d) = 10*d + 5*d**3 - 11 - 14 - 4*d**2 - 2*d**3. Let j(o) = 2*o**3 - 3*o**2 + 7*o - 17. Let z(u) = -7*j(u) + 5*p(u). Determine z(0).
-6
Let a = -1 - -2. Let p(g) = 6*g + 3. Let j(v) = -7*v - 4. Let i(d) = -2*j(d) - 3*p(d). What is i(a)?
-5
Let b(t) = t**3 - 4*t**2 - 2*t + 6. Suppose -3*s + 5 = -2*s. Let z(c) = c - 1. Let l be z(4). Suppose -l*n + s = -7. Calculate b(n).
-2
Let r(u) = -u**3 + u**2 - 4*u + 3. Let o be 27/9*(-2)/(-3). Calculate r(o).
-9
Let u(m) be the second derivative of m**4/12 + m**2/2 + 12*m. Let n be 0/(2 + -4 + 0). Calculate u(n).
1
Let s(k) = 4*k - 5. Let j(y) = -9*y + 10. Let v(z) = 3*j(z) + 7*s(z). Give v(3).
-2
Let d(h) be the third derivative of -h**5/60 - h**4/4 - h**3/3 + 2*h**2. Let m be (0 + 4)*15/(-12). Determine d(m).
3
Let t(r) be the second derivative of -r**3/3 + r**2 - 9*r + 4. Determine t(2).
-2
Let k(v) = -v**3 - 7*v**2 - 6*v - 1. Let i be k(-6). Let j(n) be the second derivative of 1/2*n**2 - 4*n + 1/6*n**3 + 0 + 1/12*n**4. Give j(i).
1
Let c(n) be the second derivative of n**4/12 - 4*n**3/3 - 11*n. What is c(7)?
-7
Let d(a) = 2*a - 34. Let b be d(19). Let c(f) = -f**3 + 3*f**2 + 4*f - 3. Calculate c(b).
-3
Let b(y) = -y**2 - 9*y - 8. Suppose -4*s - s - 35 = 0. What is b(s)?
6
Let m = 46 - 45. Let o(c) = -3*c**2 + c - 1. What is o(m)?
-3
Let q(u) = -2*u - 6 + 2 + 4. Suppose -4*x = -x. Let w = -4 + x. Calculate q(w).
8
Suppose -4*b + b + 6 = 0. Suppose b*t = 7*t. Let i(j) = t*j - j - 1 + 0. Give i(-4).
3
Let y = -2 + 0. Let w(b) = b**3 - 1. Let p(n) = 2*n + 11. Let m be p(-6). Let u(d) = 7*d**3 + d**2 - d - 8. Let g(v) = m*u(v) + 6*w(v). Give g(y).
4
Let s(o) = -2 - 2 + 3 - 5*o**2. Let l(q) = -q + 6. Let c be l(5). Suppose 4 = 4*u - 2*v - 2*v, -2*v = -5*u - c. Determine s(u).
-6
Let g(o) = -5*o**2 - 2*o + 1. Let x(p) = p**2 - 11*p + 19. Let b be x(9). Determine g(b).
-6
Let k = -9 - -15. Let d(r) = 13*r**3 - 20*r**2 - 27*r + 36. Let v(o) = 3*o**3 - 5*o**2 - 7*o + 9. Let l(z) = -2*d(z) + 9*v(z). What is l(k)?
-9
Suppose 4*n - 2 = h + 3*n, -10 = -5*h + n. Suppose -b = h*b - 4. Let r(w) = -2*w**3 - w**2 - w + 1. Determine r(b).
-3
Let u(k) = -6*k + 2*k - k**2 - 3 + 0*k. Suppose -8 = 5*v + 2. What is u(v)?
1
Let q(n) = -n**3 - n**2 - 11. Let j be q(0). Let g(s) = -s**2 - 12*s - 16. Let c be g(j). Let d(m) = -m - 1. Determine d(c).
4
Let n(h) = h**3 + 5*h**2 - h - 4. Suppose -4*p - 4 = -0, 0 = 5*q + 2*p - 73. Suppose 4*i = q + 17. Let k = i - 13. What is n(k)?
1
Let u(y) = -y**2 - 1 - 1 - y + 0*y + 3. Let f = 15 - 9. Suppose -2*t = -4*t + f. What is u(t)?
-11
Let j = 9 + -8. Let d(c) be the third derivative of -c**5/120 + c**3/3 - c**2. Let x(h) be the first derivative of d(h). What is x(j)?
-1
Suppose 2*y = -17 - 13. Let x be 10/y - (-10)/6. Let t(v) = v - 1. What is t(x)?
0
Suppose 2*y - 18 = 2*r, 5*y + r - 12 = 9. Suppose -40 = 3*w + w - y*m, 4*w = 2*m - 28. Let d(o) = -2*o - 3. Calculate d(w).
7
Let b be ((-2)/(-4))/(1/10). Let z(d) = -2*d**2 + 3*d**2 - b*d + d**2 - 3*d**2. Give z(-6).
-6
Let m be 4 - (-2 - 0 - -6). Let j(o) = o + 5. What is j(m)?
5
Suppose 5*v = -10, -3*u - 26 = 8*v - 4*v. Let x(t) = t**3 + 6*t**2 + t + 2. Calculate x(u).
-4
Suppose 0 = -3*p + 41 - 23. Let v(l) = l**3 - 5*l**2 - 8*l - 1. What is v(p)?
-13
Suppose 2*o - 3*u = -u, 3*o - 10 = u. Let r(p) = 3*p + 13. Let j(q) = 4*q + 19. Let b(x) = -5*j(x) + 7*r(x). What is b(o)?
1
Let d(q) = -6*q**3 - q**2 - 2*q - 1. Let c = -2 - -4. Suppose 0 = -2*o + 5*s - 12, c*s - 2 = -3*o - 1. Determine d(o).
6
Let k(i) = 3*i + 3. Let w be (2 - -1) + 6/3. Suppose -3*z + 6 = -5*s, -s + 0*z = w*z + 18. What is k(s)?
-6
Let o(r) = -22*r**2 + 3*r**2 + 3 + 20*r**2 - 4*r. What is o(3)?
0
Let h(x) = 4*x. Let s be h(2). Let l(f) = f - 7. What is l(s)?
1
Let k(p) = p**2 + 2*p - 5. Suppose -n = -2*n. Le